re the prime factors of 610658?
2, 305329
What are the prime factors of 649626?
2, 3, 108271
What are the prime factors of 41034?
2, 3, 7, 977
List the prime factors of 473050.
2, 5, 9461
List the prime factors of 973003.
973003
List the prime factors of 1266566.
2, 7, 90469
What are the prime factors of 807029?
521, 1549
What are the prime factors of 100774?
2, 50387
What are the prime factors of 1074832?
2, 11, 31, 197
What are the prime factors of 321783?
3, 7, 11, 199
What are the prime factors of 214858?
2, 7, 103, 149
What are the prime factors of 313060?
2, 5, 11, 1423
List the prime factors of 893368.
2, 7, 43, 53
List the prime factors of 1731813.
3, 577271
What are the prime factors of 4857102?
2, 3, 149, 1811
List the prime factors of 419869.
293, 1433
What are the prime factors of 559437?
3, 186479
List the prime factors of 14187620.
2, 5, 709381
List the prime factors of 1454912.
2, 127, 179
List the prime factors of 118307.
7, 16901
List the prime factors of 143677.
143677
What are the prime factors of 145978?
2, 7, 10427
List the prime factors of 2182981.
43, 50767
List the prime factors of 6838347.
3, 19, 119971
What are the prime factors of 1328397?
3, 7, 17, 61
What are the prime factors of 336593?
336593
List the prime factors of 6526635.
3, 5, 435109
What are the prime factors of 1607731?
29, 55439
List the prime factors of 11598.
2, 3, 1933
List the prime factors of 127994.
2, 63997
List the prime factors of 490091.
7, 53, 1321
List the prime factors of 2613094.
2, 11, 41, 2897
What are the prime factors of 2278927?
7, 379, 859
What are the prime factors of 633900?
2, 3, 5, 2113
What are the prime factors of 9184660?
2, 5, 459233
List the prime factors of 11398340.
2, 5, 23, 71, 349
List the prime factors of 12564080.
2, 5, 157051
What are the prime factors of 2460924?
2, 3, 197, 347
What are the prime factors of 165788?
2, 7, 31, 191
List the prime factors of 53239.
53239
List the prime factors of 5042574.
2, 3, 17, 1831
List the prime factors of 6811107.
3, 337, 6737
List the prime factors of 478086.
2, 3, 7, 11383
List the prime factors of 2077406.
2, 23, 45161
List the prime factors of 3655841.
7, 74609
List the prime factors of 3174570.
2, 3, 5, 7, 5039
What are the prime factors of 2518316?
2, 23, 31, 883
List the prime factors of 70418.
2, 137, 257
What are the prime factors of 12828326?
2, 7, 41, 22349
List the prime factors of 7118075.
5, 284723
What are the prime factors of 2602699?
11, 236609
What are the prime factors of 1188618?
2, 3, 397, 499
What are the prime factors of 33955?
5, 6791
What are the prime factors of 184866?
2, 3, 11, 2801
What are the prime factors of 4453517?
4453517
List the prime factors of 348280.
2, 5, 8707
List the prime factors of 924213.
3, 239, 1289
List the prime factors of 2034158.
2, 7, 31, 43, 109
List the prime factors of 19622382.
2, 3, 13, 197, 1277
What are the prime factors of 9491638?
2, 13, 365063
List the prime factors of 855975.
3, 5, 101, 113
What are the prime factors of 852441?
3, 67, 4241
List the prime factors of 1822227.
3, 11, 55219
What are the prime factors of 14547624?
2, 3, 7, 13, 6661
List the prime factors of 2018884.
2, 7, 72103
List the prime factors of 124590.
2, 3, 5, 4153
What are the prime factors of 367130?
2, 5, 36713
List the prime factors of 422016.
2, 3, 7, 157
What are the prime factors of 1315313?
19, 37, 1871
What are the prime factors of 87832?
2, 10979
List the prime factors of 216125.
5, 7, 13, 19
List the prime factors of 647902.
2, 323951
What are the prime factors of 275741?
275741
What are the prime factors of 1134014?
2, 7, 81001
List the prime factors of 5243420.
2, 5, 7, 13, 43, 67
List the prime factors of 15886150.
2, 5, 7, 45389
List the prime factors of 5529910.
2, 5, 552991
What are the prime factors of 25777?
149, 173
What are the prime factors of 8492969?
29, 61, 4801
List the prime factors of 42621484.
2, 19, 23, 37, 659
List the prime factors of 9784242.
2, 3, 13, 41813
List the prime factors of 323784.
2, 3, 1499
What are the prime factors of 30822?
2, 3, 11, 467
What are the prime factors of 63208?
2, 7901
What are the prime factors of 1095615?
3, 5, 97, 251
List the prime factors of 1140155.
5, 37, 6163
List the prime factors of 689160.
2, 3, 5, 5743
What are the prime factors of 330806?
2, 7, 23629
List the prime factors of 193577.
193577
What are the prime factors of 23272743?
3, 13, 596737
List the prime factors of 3716272.
2, 7, 33181
What are the prime factors of 170427?
3, 56809
What are the prime factors of 114529?
17, 6737
List the prime factors of 25610808.
2, 3, 37, 151, 191
List the prime factors of 618924.
2, 3, 51577
List the prime factors of 1820794.
2, 29, 31393
What are the prime factors of 13217?
13217
What are the prime factors of 467780?
2, 5, 19, 1231
What are the prime factors of 990905?
5, 59, 3359
List the prime factors of 55701.
3, 2063
What are the prime factors of 2770587?
3, 307843
List the prime factors of 466518.
2, 3, 13, 5981
What are the prime factors of 1810014?
2, 3, 301669
List the prime factors of 889761.
3, 296587
List the prime factors of 1084297.
1084297
List the prime factors of 755734.
2, 7, 23, 2347
What are the prime factors of 58422?
2, 3, 7, 13, 107
List the prime factors of 293076.
2, 3, 7, 1163
What are the prime factors of 4098404?
2, 71, 14431
What are the prime factors of 3277302?
2, 3, 7, 78031
List the prime factors of 17469462.
2, 3, 107, 27211
What are the prime factors of 9361492?
2, 7, 17, 71, 277
What are the prime factors of 20115128?
2, 11, 228581
What are the prime factors of 32719412?
2, 11, 769, 967
What are the prime factors of 798979?
29, 27551
List the prime factors of 31195956.
2, 3, 11, 236333
What are the prime factors of 5154055?
5, 1030811
List the prime factors of 424930.
2, 5, 11, 3863
What are the prime factors of 122434?
2, 13, 17, 277
List the prime factors of 1414199.
53, 26683
List the prime factors of 1187486.
2, 31, 107, 179
What are the prime factors of 336080?
2, 5, 4201
What are the prime factors of 17235806?
2, 7, 1231129
What are the prime factors of 356206?
2, 178103
What are the prime factors of 4464438?
2, 3, 11, 17, 23, 173
List the prime factors of 5687276.
2, 7, 203117
What are the prime factors of 336548?
2, 84137
List the prime factors of 769148.
2, 17, 11311
List the prime factors of 12520772.
2, 11, 17, 19, 881
List the prime factors of 262154.
2, 23, 41, 139
List the prime factors of 243155.
5, 11, 4421
List the prime factors of 33659448.
2, 3, 1402477
What are the prime factors of 359808?
2, 3, 937
What are the prime factors of 7852889?
11, 31, 23029
List the prime factors of 428317.
19, 22543
What are the prime factors of 212801?
212801
What are the prime factors of 2335747?
29, 239, 337
List the prime factors of 553470.
2, 3, 5, 19, 971
What are the prime factors of 2236800?
2, 3, 5, 233
List the prime factors of 474559.
23, 47, 439
List the prime factors of 7081584.
2, 3, 43, 47, 73
List the prime factors of 461738.
2, 19, 29, 419
List the prime factors of 17165.
5, 3433
What are the prime factors of 5565598?
2, 1481, 1879
What are the prime factors of 230632?
2, 127, 227
What are the prime factors of 8991107?
149, 60343
What are the prime factors of 23499085?
5, 31, 151607
List the prime factors of 1513498.
2, 7, 108107
What are the prime factors of 6657540?
2, 3, 5, 17, 61, 107
What are the prime factors of 1101663?
3, 109, 1123
List the prime factors of 188441.
11, 37, 463
What are the prime factors of 202375?
5, 1619
List the prime factors of 1675852.
2, 29, 14447
List the prime factors of 751076.
2, 103, 1823
List the prime factors of 138734.
2, 71, 977
What are the prime factors of 1000077?
3, 13, 25643
List the prime factors of 5608869.
3, 7, 89, 3001
What are the prime factors of 10823138?
2, 5411569
What are the prime factors of 453459?
3, 151153
List the prime factors of 6544055.
5, 7, 181, 1033
What are the prime factors of 209364?
2, 3, 73, 239
What are the prime factors of 43211?
7, 6173
What are the prime factors of 1448797?
7, 139, 1489
What are the prime factors of 9760154?
2, 137, 179, 199
List the prime factors of 3753986.
2, 43, 43651
List the prime factors of 996260.
2, 5, 109, 457
What are the prime 